 + 4. Suppose -j - 3*a = 3, -4*j - y*a + 24 = -0*j. What is the units digit of j?
9
Let w = 14 + 23. What is the tens digit of w?
3
Suppose 28 = 2*b - 4*u, 5*u + 36 = 3*b - 2. What is the units digit of ((-5)/3)/(b/(-18))?
5
Suppose -5*f = 7 - 32. Suppose 0 = -3*s + 3, -4*q + q + 17 = f*s. Suppose 2 = -2*a + 5*l + 9, -a + q = -3*l. What is the units digit of a?
1
Let p = 29 - 11. Suppose -g = -6 - p. What is the tens digit of g?
2
Let h = 75 + -22. What is the tens digit of h?
5
Let h = 6 + -4. Let q = 0 - h. Let w(d) = d**2 + 3*d + 3. What is the units digit of w(q)?
1
Let i = 56 - 48. What is the units digit of i?
8
Let u(p) = 40*p**2 + p - 1. What is the units digit of u(1)?
0
Suppose 3*p + 15 = -g - 2*g, 20 = 5*g - 4*p. Suppose -3*c = -g*c - 96. Suppose -2*a + 0*a + c = 0. What is the tens digit of a?
1
Let p = -22 - -15. Let j(w) = 2*w**2 + 7*w - 12. What is the units digit of j(p)?
7
Suppose 5 = -c + 2*c. Suppose -c*t = -0*t - 10. Let g = 2 + t. What is the units digit of g?
4
Suppose -40 = -4*a - 0*a. What is the tens digit of (-4)/a - (-381)/15?
2
Suppose 3*x = 4*p - 1 - 1, 2*p + 3*x = 10. Suppose p*g + 3*g + w - 22 = 0, w - 2 = -g. Suppose -5*n = -2*n - 3*j - 18, j + g = 0. What is the units digit of n?
1
Suppose 0 = -o - 0*o + 4. What is the units digit of o?
4
Suppose 2*i = -3*b + 4, -5*b + 2*i + 7 = 5*i. Suppose b*c - 12 = -2. What is the units digit of c?
5
Suppose 0 = -9*r + r + 984. What is the hundreds digit of r?
1
Let a(s) = s**3 - 3*s**2 + 5*s + 1. What is the tens digit of a(4)?
3
What is the units digit of (-4)/14 - (-4160)/56?
4
Suppose -6*n + n - 100 = 0. Let v be ((-6)/(-3))/(6/(-33)). Let h = v - n. What is the units digit of h?
9
Suppose -3*f = 2*f - 205. What is the units digit of f?
1
Let i(h) = h**2 - 6*h - 8. Let z be i(7). Let w = z - -6. What is the units digit of w?
5
Suppose 2*q - 8 = -2*q. Suppose q*o - 19 = o. What is the tens digit of o?
1
Suppose 5*r - 4*n = 68, 2*r + 2*n - 20 = -0*n. Suppose -4*p = 4*t - 2*t - 28, 3*t = r. What is the units digit of p?
5
Let c be 4/(-6)*3 + 10. What is the units digit of c*(-3)/(-6) + -1?
3
Suppose 3*t + 300 = 5*n, 57 + 123 = 3*n - 3*t. Let y = 92 - n. What is the tens digit of y?
3
Suppose u + 4*u - 17 = -2*b, 5*u = -3*b + 18. Suppose -161 = -5*a - 16. Suppose 7 + a = u*v. What is the units digit of v?
2
Suppose -5*c - d = -0*d - 127, 0 = -3*c + 5*d + 65. What is the tens digit of c?
2
Suppose -4*d + 32 = 3*b - 427, 2*b = 3*d - 323. What is the tens digit of d?
1
Let x = 16 + -28. Let h be 4/x - 14/(-6). Suppose -4*r = -5*b - 8, 30 = h*r - 0*r + 4*b. What is the units digit of r?
7
Let p be (-1 - -3)*(-19)/1. Let y = -23 - p. What is the units digit of y?
5
Let j = -7 + 8. Let g = 2 - 0. What is the units digit of 1 - (j + g)/(-1)?
4
Suppose 0 = m - 6 + 1. Suppose 0 = 5*r - m*k - 0*k - 60, 5*r - 60 = 2*k. What is the units digit of r?
2
Suppose -5*h - 16 = 4*p - 0, -12 = 3*p - 5*h. Let r(q) = q**2 - 1. What is the units digit of r(p)?
5
Suppose -3 = -3*a - 6. Let f(x) = -x**3 + 6*x**2 - 3*x - 7. Let l be f(5). Let o = a + l. What is the units digit of o?
2
Suppose q - d - 4*d = 36, 0 = 5*q + d - 102. What is the units digit of q?
1
Suppose -12 = -11*r + 8*r. Suppose 2*p - 2*s - 7 = p, 0 = r*p - 3*s - 18. What is the units digit of (p/(-2))/(1/(-4))?
6
What is the units digit of -2 + (-3)/(9/(-15))?
3
Let m = -203 + 348. What is the units digit of m?
5
Let o = -57 + 163. What is the hundreds digit of o?
1
What is the hundreds digit of (-3376)/(-32) - 1/(-2)?
1
Suppose 0 = -f + 5*f. Suppose -2*o - 2*y - 2*y + 26 = 0, -o - 15 = -5*y. Suppose 0 = o*a - f - 25. What is the units digit of a?
5
Suppose -3*p - 112 = p. Let k = 43 + p. What is the tens digit of k?
1
Let d(z) = -z**3 - 4*z**2 + 4*z - 2. Let i(o) = o**3 + o**2 - o. Let t(a) = -d(a) - 3*i(a). Let g be t(-2). What is the units digit of (g/(-20))/((-2)/5)?
3
What is the units digit of 4 - (-1 - -4) - -82?
3
Suppose -4*f = 2*l - 414 + 44, -5*f = 20. Suppose 5*g + 58 = l. What is the tens digit of g?
2
What is the units digit of -1 - (-146)/(-4)*-2?
2
Let i = 14 - 9. Suppose -3*l = -4*l - 5*j + 10, 50 = i*l - 2*j. What is the tens digit of l?
1
Let g = -21 - 11. Let c = -22 - g. What is the units digit of c?
0
Suppose 0 = 4*d - 5*d + 4. What is the units digit of d?
4
Let x(m) = 6*m**2 + 8*m + 16. What is the hundreds digit of x(-7)?
2
Let v(d) = -d**3 - 6*d**2 - d - 4. Let t be v(-6). What is the tens digit of 0 + (2 - (-10 + t))?
1
Let s(u) = -2*u - 11. Let x be s(-8). Suppose -3*z + 5*z - 5*c = -1, 11 = 3*z + x*c. What is the units digit of (z/(-5))/(3/(-30))?
4
What is the hundreds digit of 3 + (-20)/(-90) + (-1492)/(-9)?
1
Let i = 14 + -8. Suppose i*t - 4*t = 36. What is the tens digit of t?
1
Suppose 114 = 5*t + 4*q, -32 = -2*t - 0*t - 5*q. What is the tens digit of (t - 2) + (-8)/(-2)?
2
Let w = 85 + -58. What is the tens digit of w?
2
Suppose x + 3*x = 8. Suppose -17 = -3*h - 2*d, -2*h = x*h - 3*d - 34. Suppose 0 = 2*f - 3*r - h, 3*f + 5*r = 2*f + 23. What is the units digit of f?
8
Let v(r) = -r**3 + 2*r**2 - r. Let h(l) = -6*l**3 + 9*l**2 - 6*l - 1. Let o(s) = -2*h(s) + 11*v(s). What is the units digit of o(-3)?
8
Let i be (-3 - -6) + (-4)/2. What is the units digit of 7/14*i*34?
7
Let g = -9 + 29. Suppose 4*b + 4*t - g = 0, -2*b + 6*b - 13 = 3*t. What is the units digit of b?
4
Let p = 56 - -31. What is the tens digit of p?
8
Let s(r) be the third derivative of -r**5/60 + 5*r**4/24 + r**3 - 4*r**2. What is the units digit of s(5)?
6
Suppose -42 + 0 = -2*f. Let b(j) = -4*j**3 + j - 1. Let l be b(-2). Let a = l - f. What is the units digit of a?
8
Let x(f) = 12*f**2 - 2*f + 2. Let p be 2 + -1 + 11/11. What is the units digit of x(p)?
6
Let b(z) = 2*z**2 + 7*z + 2. Let f be b(-5). Let k = f - 9. What is the units digit of k?
8
Suppose -2 = 2*c, y - 2*c - 2 = 1. Let r be (1/3)/(y/(-3)). What is the units digit of 1/(-1)*(-2 - r)?
1
Let q be 2/((-6)/(-111)) - 1. Suppose 2 = 4*d + b + b, 0 = 3*b + 9. Suppose -3*p = 4*s - q, -4*p - d*s - 13 = -61. What is the tens digit of p?
1
Let w be 14/(-4 + 3/1). What is the units digit of 184/18 - w/(-63)?
0
Let c = -14 - -12. What is the units digit of (-6)/(1 - c) - -10?
8
Suppose d + 0*d = 2. Suppose -58 - 32 = -d*o. Suppose 5*h = v - 30, -5*h = 5*v - v - o. What is the tens digit of v?
1
Let l(h) = 29 - 4*h - 14 - 17. What is the units digit of l(-7)?
6
Suppose -4*o = -2*o - 5*m - 311, 2*o + 3*m - 287 = 0. Suppose -o = -27*l + 23*l. What is the units digit of l?
7
Suppose -b + 0*b - 5 = 0. Let u = b - -5. Let d(n) = -n**2 - n + 11. What is the units digit of d(u)?
1
Suppose -2*y + y + 9 = 0. Suppose 2 = 8*g - 9*g. Let i = g + y. What is the units digit of i?
7
What is the units digit of -2 + 51/21 + (-14751)/(-77)?
2
What is the units digit of (27/(-18))/(2/(-4))?
3
Suppose -m - 8 + 30 = 0. What is the units digit of m?
2
Suppose 0*u - 78 = -3*u. What is the tens digit of u?
2
Suppose 105 = 4*q - 327. What is the units digit of q?
8
Suppose -4*m + 3*m - 11 = 0. Let y = -7 - m. What is the units digit of y?
4
Let q be 3/15 + 38/10. Let o(d) = 8*d + 3. Let a be o(q). What is the units digit of 10/a + 248/14?
8
Let c(t) = -t + 3. Let v be c(4). Let h be ((-1)/2)/v*16. Suppose -i + 8 + h = 0. What is the units digit of i?
6
Suppose 16 = 4*x - 0*x. What is the tens digit of (-1331)/(-77) + x/(-14)?
1
Suppose -4*j + v - 32 = -0*v, -4*j + 3*v - 24 = 0. Let b = -5 - j. Suppose b*p + 0*z = z + 37, p - 3*z - 12 = 0. What is the units digit of p?
9
Suppose 3*w + 3 = -7*k + 4*k, 2*w - k = 13. Suppose -w*x + 2*x + 10 = 0. What is the units digit of x?
5
Suppose 3*q = 49 + 20. Suppose 3*i + 8 = q. What is the units digit of i?
5
Suppose 2*i = 4*y - 22, 0 = -0*i - 2*i + 6. What is the units digit of y?
7
Suppose -r + 0*r - 2 = 0. Let l be 0 - 34/r - 1. Suppose -2*u + l = -0*u. What is the units digit of u?
8
Let f(k) = 2*k - 2. Let t be f(3). Suppose -t*v + 3*x - 1 = -2*v, -v - 5*x + 19 = 0. What is the units digit of v?
4
Let i(b) = b**3 + 3*b**2 - b + 2. Let z be i(-2). Let f be (-9 + 12)*4/3. Suppose z = 5*p - f*p. What is the units digit of p?
8
Suppose -210 = -4*g - 46. What is the tens digit of g?
4
What is the units digit of 5/(75/(-12))*-5?
4
What is the units digit of 1*86/